What are the prime factors of 162700356?
2, 3, 7, 13, 73, 157
List the prime factors of 274218862.
2, 7487, 18313
What are the prime factors of 453319247?
41, 379, 29173
What are the prime factors of 9308541?
3, 11, 311, 907
What are the prime factors of 21537223?
23, 936401
List the prime factors of 1246396685.
5, 1777, 140281
List the prime factors of 59106628.
2, 7, 2110951
What are the prime factors of 2884207620?
2, 3, 5, 7, 981023
List the prime factors of 1018304657.
1018304657
What are the prime factors of 245877272?
2, 1039, 29581
List the prime factors of 167012670.
2, 3, 5, 11, 139, 331
List the prime factors of 75662814.
2, 3, 61, 3389
List the prime factors of 241747266.
2, 3, 347, 116113
List the prime factors of 56857722.
2, 3, 79, 119953
What are the prime factors of 38187618?
2, 3, 7, 487, 1867
What are the prime factors of 79654415?
5, 719, 22157
List the prime factors of 455624101.
83, 1013, 5419
What are the prime factors of 4412942025?
3, 5, 17, 127, 27253
List the prime factors of 499272871.
43, 97, 119701
List the prime factors of 486062619.
3, 7, 223, 271, 383
What are the prime factors of 607029750?
2, 3, 5, 269791
What are the prime factors of 34576079?
17, 41, 113, 439
What are the prime factors of 345965063?
353, 980071
What are the prime factors of 3840913389?
3, 5693, 224891
What are the prime factors of 3277900314?
2, 3, 13, 14008121
What are the prime factors of 302664906?
2, 3, 17, 71, 13931
What are the prime factors of 343526339?
13, 2917, 9059
What are the prime factors of 889159298?
2, 31, 14341279
What are the prime factors of 1669771181?
13, 23, 439, 12721
What are the prime factors of 32649909?
3, 97, 112199
What are the prime factors of 2153241844?
2, 13, 1697, 1877
What are the prime factors of 1299843092?
2, 47, 6914059
List the prime factors of 722953990.
2, 5, 11, 19, 281, 1231
List the prime factors of 24834935.
5, 227, 21881
What are the prime factors of 2798495514?
2, 3, 23, 683, 3299
What are the prime factors of 352800772?
2, 23, 37, 103643
List the prime factors of 216358031.
17, 53, 240131
What are the prime factors of 1618789381?
11, 23, 73, 87649
What are the prime factors of 7624331?
11, 13, 37, 131
List the prime factors of 515546579.
515546579
List the prime factors of 21506707.
21506707
What are the prime factors of 62854116?
2, 3, 13, 59, 6829
List the prime factors of 332514631.
223, 1491097
What are the prime factors of 97641811?
29, 89, 37831
What are the prime factors of 175059410?
2, 5, 17505941
What are the prime factors of 74724102?
2, 3, 23, 199, 907
What are the prime factors of 1550681249?
13, 947, 125959
List the prime factors of 13746871.
389, 35339
List the prime factors of 965184392.
2, 73, 467, 3539
List the prime factors of 41877352.
2, 11, 475879
What are the prime factors of 153948550?
2, 5, 7, 439853
List the prime factors of 1340052237.
3, 307, 484999
What are the prime factors of 466429126?
2, 233214563
List the prime factors of 1058402636.
2, 264600659
What are the prime factors of 712873203?
3, 7, 1693, 20051
What are the prime factors of 2096810479?
23, 41, 193, 281
What are the prime factors of 40752045?
3, 5, 301867
List the prime factors of 1607749998.
2, 3, 2131, 125743
List the prime factors of 180551180.
2, 5, 9027559
What are the prime factors of 189107548?
2, 7, 6753841
List the prime factors of 7262253478.
2, 59, 61544521
List the prime factors of 549836319.
3, 183278773
List the prime factors of 25558348.
2, 167, 38261
List the prime factors of 178729220.
2, 5, 1223, 7307
What are the prime factors of 909856462?
2, 454928231
What are the prime factors of 3105872003?
13, 97, 199, 12377
List the prime factors of 2608383633.
3, 41, 67, 113, 2801
What are the prime factors of 6257477?
37, 131, 1291
List the prime factors of 317598362.
2, 158799181
List the prime factors of 199085680.
2, 5, 1091, 2281
What are the prime factors of 1725188534?
2, 157, 1949, 2819
What are the prime factors of 301578440?
2, 5, 1297, 5813
List the prime factors of 116699923.
116699923
What are the prime factors of 284902391?
43, 47, 61, 2311
What are the prime factors of 345151103?
11, 67, 468319
List the prime factors of 80397871.
47, 1710593
List the prime factors of 41649688.
2, 23, 226357
List the prime factors of 28193150.
2, 5, 19, 59, 503
What are the prime factors of 310289442?
2, 3, 51714907
List the prime factors of 3895783995.
3, 5, 809, 321037
What are the prime factors of 165323853?
3, 79, 232523
List the prime factors of 929642408.
2, 116205301
List the prime factors of 2908191634.
2, 10169, 142993
What are the prime factors of 82057348?
2, 359, 57143
List the prime factors of 486180255.
3, 5, 11, 41, 71867
What are the prime factors of 17616804?
2, 3, 23, 29, 31, 71
What are the prime factors of 777022424?
2, 47, 2066549
List the prime factors of 415706654.
2, 11, 2819, 6703
What are the prime factors of 362351805?
3, 5, 929, 26003
List the prime factors of 4669012.
2, 743, 1571
What are the prime factors of 229331253?
3, 76443751
List the prime factors of 7174607.
11, 652237
List the prime factors of 1876919936.
2, 73, 200869
What are the prime factors of 850474965?
3, 5, 5591, 10141
List the prime factors of 72704115.
3, 5, 11, 173, 283
What are the prime factors of 823623797?
2017, 408341
What are the prime factors of 6274663?
6274663
List the prime factors of 53998689.
3, 17999563
What are the prime factors of 36611317?
36611317
List the prime factors of 1155810541.
31, 41, 909371
What are the prime factors of 516973783?
23, 383, 58687
What are the prime factors of 60282616?
2, 163, 46229
What are the prime factors of 116300670?
2, 3, 5, 137, 28297
List the prime factors of 2095815021.
3, 743, 940249
What are the prime factors of 187327475?
5, 7493099
List the prime factors of 6290593454.
2, 19, 165541933
What are the prime factors of 82372737?
3, 2179, 12601
What are the prime factors of 596846619?
3, 23, 2883317
List the prime factors of 3021925731.
3, 11, 91573507
What are the prime factors of 95543496?
2, 3, 631, 701
List the prime factors of 609431147.
13, 17, 2757607
List the prime factors of 149153817.
3, 79, 629341
List the prime factors of 2050586082.
2, 3, 113921449
List the prime factors of 409379861.
11, 2287, 16273
What are the prime factors of 470000561?
23, 113, 139, 1301
List the prime factors of 42581529.
3, 4731281
List the prime factors of 1238510055.
3, 5, 82567337
List the prime factors of 37691727.
3, 1439, 8731
What are the prime factors of 44626568?
2, 7, 499, 1597
What are the prime factors of 9630247?
11, 875477
List the prime factors of 159472112.
2, 211, 47237
What are the prime factors of 260292518?
2, 23, 41, 79, 1747
List the prime factors of 47385077.
47385077
What are the prime factors of 1004227615?
5, 19, 47, 224911
What are the prime factors of 60391228?
2, 107, 141101
What are the prime factors of 910982058?
2, 3, 7, 31, 103, 6793
List the prime factors of 1689548522.
2, 53, 97, 164321
List the prime factors of 40751864.
2, 5093983
What are the prime factors of 131648991?
3, 41, 1070317
What are the prime factors of 150709334?
2, 197, 382511
List the prime factors of 2144865800.
2, 5, 7, 11, 41, 43, 79
List the prime factors of 119373723.
3, 7, 367, 1721
List the prime factors of 708932216.
2, 83, 1067669
List the prime factors of 16753601.
151, 110951
List the prime factors of 52405594.
2, 17, 1541341
What are the prime factors of 36162903?
3, 7, 751, 2293
List the prime factors of 543369658.
2, 13, 971, 21523
What are the prime factors of 365538339?
3, 131, 11483
What are the prime factors of 168861461?
29, 1637, 3557
What are the prime factors of 52540256?
2, 281, 5843
List the prime factors of 232142971.
397, 547, 1069
What are the prime factors of 2196312754?
2, 5507, 199411
What are the prime factors of 722768251?
722768251
What are the prime factors of 3122348200?
2, 5, 113, 138157
List the prime factors of 128304121.
11, 457, 25523
List the prime factors of 36499598.
2, 1601, 11399
What are the prime factors of 864846260?
2, 5, 653, 66221
What are the prime factors of 316366654?
2, 158183327
List the prime factors of 11253439.
17, 37, 17891
What are the prime factors of 1416522305?
5, 11, 25754951
What are the